[INFO] fetching crate kconfig-linux 0.1.1...
[INFO] checking kconfig-linux-0.1.1 against master#e6e4f7ed1589e03bc2f6c5931c1a72e7947e8682 for beta-170-4
[INFO] extracting crate kconfig-linux 0.1.1 into /workspace/builds/worker-3-tc2/source
[INFO] validating manifest of crates.io crate kconfig-linux 0.1.1 on toolchain e6e4f7ed1589e03bc2f6c5931c1a72e7947e8682
[INFO] running `Command { std: CARGO_HOME="/workspace/cargo-home" RUSTUP_HOME="/workspace/rustup-home" "/workspace/cargo-home/bin/cargo" "+e6e4f7ed1589e03bc2f6c5931c1a72e7947e8682" "metadata" "--manifest-path" "Cargo.toml" "--no-deps", kill_on_drop: false }`
[INFO] started tweaking crates.io crate kconfig-linux 0.1.1
[INFO] finished tweaking crates.io crate kconfig-linux 0.1.1
[INFO] tweaked toml for crates.io crate kconfig-linux 0.1.1 written to /workspace/builds/worker-3-tc2/source/Cargo.toml
[INFO] running `Command { std: CARGO_HOME="/workspace/cargo-home" RUSTUP_HOME="/workspace/rustup-home" __CARGO_TEST_CHANNEL_OVERRIDE_DO_NOT_USE_THIS="nightly" "/workspace/cargo-home/bin/cargo" "+e6e4f7ed1589e03bc2f6c5931c1a72e7947e8682" "generate-lockfile" "--manifest-path" "Cargo.toml" "-Zno-index-update", kill_on_drop: false }`
[INFO] running `Command { std: CARGO_HOME="/workspace/cargo-home" RUSTUP_HOME="/workspace/rustup-home" "/workspace/cargo-home/bin/cargo" "+e6e4f7ed1589e03bc2f6c5931c1a72e7947e8682" "fetch" "--manifest-path" "Cargo.toml", kill_on_drop: false }`
[INFO] running `Command { std: "docker" "create" "-v" "/var/lib/crater-agent-workspace/builds/worker-3-tc2/target:/opt/rustwide/target:rw,Z" "-v" "/var/lib/crater-agent-workspace/builds/worker-3-tc2/source:/opt/rustwide/workdir:ro,Z" "-v" "/var/lib/crater-agent-workspace/cargo-home:/opt/rustwide/cargo-home:ro,Z" "-v" "/var/lib/crater-agent-workspace/rustup-home:/opt/rustwide/rustup-home:ro,Z" "-e" "SOURCE_DIR=/opt/rustwide/workdir" "-e" "CARGO_TARGET_DIR=/opt/rustwide/target" "-e" "CARGO_HOME=/opt/rustwide/cargo-home" "-e" "RUSTUP_HOME=/opt/rustwide/rustup-home" "-w" "/opt/rustwide/workdir" "-m" "1610612736" "--user" "0:0" "--network" "none" "ghcr.io/rust-lang/crates-build-env/linux@sha256:5ff2268d62e97bff2cde7d5815dd6ed5b47097566f13b8d0ca110b04b60e07ed" "/opt/rustwide/cargo-home/bin/cargo" "+e6e4f7ed1589e03bc2f6c5931c1a72e7947e8682" "metadata" "--no-deps" "--format-version=1", kill_on_drop: false }`
[INFO] [stdout] 27135b2572eab9e4d9d7248c001d0215bbba2ae84e32dd91c24d20cf33f66812
[INFO] running `Command { std: "docker" "start" "-a" "27135b2572eab9e4d9d7248c001d0215bbba2ae84e32dd91c24d20cf33f66812", kill_on_drop: false }`
[INFO] running `Command { std: "docker" "inspect" "27135b2572eab9e4d9d7248c001d0215bbba2ae84e32dd91c24d20cf33f66812", kill_on_drop: false }`
[INFO] running `Command { std: "docker" "rm" "-f" "27135b2572eab9e4d9d7248c001d0215bbba2ae84e32dd91c24d20cf33f66812", kill_on_drop: false }`
[INFO] [stdout] 27135b2572eab9e4d9d7248c001d0215bbba2ae84e32dd91c24d20cf33f66812
[INFO] running `Command { std: "docker" "create" "-v" "/var/lib/crater-agent-workspace/builds/worker-3-tc2/target:/opt/rustwide/target:rw,Z" "-v" "/var/lib/crater-agent-workspace/builds/worker-3-tc2/source:/opt/rustwide/workdir:ro,Z" "-v" "/var/lib/crater-agent-workspace/cargo-home:/opt/rustwide/cargo-home:ro,Z" "-v" "/var/lib/crater-agent-workspace/rustup-home:/opt/rustwide/rustup-home:ro,Z" "-e" "SOURCE_DIR=/opt/rustwide/workdir" "-e" "CARGO_TARGET_DIR=/opt/rustwide/target" "-e" "CARGO_INCREMENTAL=0" "-e" "RUST_BACKTRACE=full" "-e" "RUSTFLAGS=--cap-lints=forbid" "-e" "RUSTDOCFLAGS=--cap-lints=forbid" "-e" "CARGO_HOME=/opt/rustwide/cargo-home" "-e" "RUSTUP_HOME=/opt/rustwide/rustup-home" "-w" "/opt/rustwide/workdir" "-m" "1610612736" "--user" "0:0" "--network" "none" "ghcr.io/rust-lang/crates-build-env/linux@sha256:5ff2268d62e97bff2cde7d5815dd6ed5b47097566f13b8d0ca110b04b60e07ed" "/opt/rustwide/cargo-home/bin/cargo" "+e6e4f7ed1589e03bc2f6c5931c1a72e7947e8682" "check" "--frozen" "--all" "--all-targets" "--message-format=json", kill_on_drop: false }`
[INFO] [stdout] 284d390694542fb2f1fa1ae57a6f0c787e8a6e409a90a82de5685dfb6699d0f6
[INFO] running `Command { std: "docker" "start" "-a" "284d390694542fb2f1fa1ae57a6f0c787e8a6e409a90a82de5685dfb6699d0f6", kill_on_drop: false }`
[INFO] [stderr]    Compiling proc-macro2 v1.0.59
[INFO] [stderr]    Compiling unicode-ident v1.0.9
[INFO] [stderr]    Compiling quote v1.0.28
[INFO] [stderr]    Compiling memchr v2.5.0
[INFO] [stderr]    Compiling libc v0.2.144
[INFO] [stderr]    Compiling thiserror v1.0.40
[INFO] [stderr]     Checking cfg-if v1.0.0
[INFO] [stderr]    Compiling anyhow v1.0.71
[INFO] [stderr]     Checking regex-syntax v0.7.2
[INFO] [stderr]     Checking aho-corasick v1.0.1
[INFO] [stderr]    Compiling syn v2.0.18
[INFO] [stderr]     Checking getrandom v0.2.9
[INFO] [stderr]     Checking uuid v0.8.2
[INFO] [stderr]     Checking regex v1.8.3
[INFO] [stderr]    Compiling thiserror-impl v1.0.40
[INFO] [stderr]     Checking kconfig-linux v0.1.1 (/opt/rustwide/workdir)
[INFO] [stdout] warning: multiple lines skipped by escaped newline
[INFO] [stdout]   --> src/parser/kconfig_parser_impl/kconfig_config_node_parser.rs:47:43
[INFO] [stdout]    |
[INFO] [stdout] 47 |               \tdepends on SAJTOS && KIFLI\n\
[INFO] [stdout]    |  ___________________________________________^
[INFO] [stdout] 48 | |
[INFO] [stdout] 49 | |             \thelp\n\
[INFO] [stdout]    | |____________^ skipping everything up to and including this point
[INFO] [stdout] 
[INFO] [stdout] 
[INFO] [stdout] warning: multiple lines skipped by escaped newline
[INFO] [stdout]   --> src/parser/kconfig_parser_impl/kconfig_config_node_parser.rs:47:43
[INFO] [stdout]    |
[INFO] [stdout] 47 |               \tdepends on SAJTOS && KIFLI\n\
[INFO] [stdout]    |  ___________________________________________^
[INFO] [stdout] 48 | |
[INFO] [stdout] 49 | |             \thelp\n\
[INFO] [stdout]    | |____________^ skipping everything up to and including this point
[INFO] [stdout] 
[INFO] [stdout] 
[INFO] [stdout] warning: unused import: `crate::structure::kconfig_node_children::KconfigNodeChildren`
[INFO] [stdout]  --> src/structure/nodes/kconfig_menuconfig_node.rs:3:5
[INFO] [stdout]   |
[INFO] [stdout] 3 | use crate::structure::kconfig_node_children::KconfigNodeChildren;
[INFO] [stdout]   |     ^^^^^^^^^^^^^^^^^^^^^^^^^^^^^^^^^^^^^^^^^^^^^^^^^^^^^^^^^^^^
[INFO] [stdout]   |
[INFO] [stdout]   = note: `#[warn(unused_imports)]` on by default
[INFO] [stdout] 
[INFO] [stdout] 
[INFO] [stdout] error[E0635]: unknown feature `option_result_contains`
[INFO] [stdout]  --> src/lib.rs:1:12
[INFO] [stdout]   |
[INFO] [stdout] 1 | #![feature(option_result_contains)]
[INFO] [stdout]   |            ^^^^^^^^^^^^^^^^^^^^^^
[INFO] [stdout] 
[INFO] [stdout] 
[INFO] [stdout] warning: unused imports: `ParseableWithUnknownSpan`, `ParsingContext`
[INFO] [stdout]   --> src/structure/kconfig_node_children.rs:46:9
[INFO] [stdout]    |
[INFO] [stdout] 46 |         ParseableWithUnknownSpan, ParsingContext,
[INFO] [stdout]    |         ^^^^^^^^^^^^^^^^^^^^^^^^  ^^^^^^^^^^^^^^
[INFO] [stdout]    |
[INFO] [stdout]    = note: `#[warn(unused_imports)]` on by default
[INFO] [stdout] 
[INFO] [stdout] 
[INFO] [stdout] warning: unused import: `crate::parser::utils::parse_span::ParseSpan`
[INFO] [stdout]   --> src/structure/kconfig_node_children.rs:48:9
[INFO] [stdout]    |
[INFO] [stdout] 48 |     use crate::parser::utils::parse_span::ParseSpan;
[INFO] [stdout]    |         ^^^^^^^^^^^^^^^^^^^^^^^^^^^^^^^^^^^^^^^^^^^
[INFO] [stdout] 
[INFO] [stdout] 
[INFO] [stdout] warning: unused import: `KconfigHelpProperty`
[INFO] [stdout]   --> src/structure/kconfig_node_children.rs:57:50
[INFO] [stdout]    |
[INFO] [stdout] 57 |         ConfigType, KconfigDependenciesProperty, KconfigHelpProperty,
[INFO] [stdout]    |                                                  ^^^^^^^^^^^^^^^^^^^
[INFO] [stdout] 
[INFO] [stdout] 
[INFO] [stdout] warning: unused import: `crate::structure::kconfig_node_children::KconfigNodeChildren`
[INFO] [stdout]  --> src/structure/nodes/kconfig_menuconfig_node.rs:3:5
[INFO] [stdout]   |
[INFO] [stdout] 3 | use crate::structure::kconfig_node_children::KconfigNodeChildren;
[INFO] [stdout]   |     ^^^^^^^^^^^^^^^^^^^^^^^^^^^^^^^^^^^^^^^^^^^^^^^^^^^^^^^^^^^^
[INFO] [stdout] 
[INFO] [stdout] 
[INFO] [stdout] error[E0635]: unknown feature `option_result_contains`
[INFO] [stdout]  --> src/lib.rs:1:12
[INFO] [stdout]   |
[INFO] [stdout] 1 | #![feature(option_result_contains)]
[INFO] [stdout]   |            ^^^^^^^^^^^^^^^^^^^^^^
[INFO] [stdout] 
[INFO] [stdout] 
[INFO] [stdout] error[E0599]: no method named `contains` found for enum `Option` in the current scope
[INFO] [stdout]   --> src/parser/kconfig_parser_impl/kconfig_menu_node_parser.rs:17:10
[INFO] [stdout]    |
[INFO] [stdout] 16 |       if !header_tokens.next()
[INFO] [stdout]    |  _________-
[INFO] [stdout] 17 | |         .contains(&MENU_KEYWORD) {
[INFO] [stdout]    | |         -^^^^^^^^ method not found in `Option<&str>`
[INFO] [stdout]    | |_________|
[INFO] [stdout]    | 
[INFO] [stdout]    |
[INFO] [stdout] note: the method `contains` exists on the type `&str`
[INFO] [stdout]   --> /rustc/e6e4f7ed1589e03bc2f6c5931c1a72e7947e8682/library/core/src/str/mod.rs:1063:5
[INFO] [stdout] help: consider using `Option::expect` to unwrap the `&str` value, panicking if the value is an `Option::None`
[INFO] [stdout]    |
[INFO] [stdout] 16 |     if !header_tokens.next().expect("REASON")
[INFO] [stdout]    |                             +++++++++++++++++
[INFO] [stdout] 
[INFO] [stdout] 
[INFO] [stdout] error[E0599]: no method named `contains` found for enum `Option` in the current scope
[INFO] [stdout]   --> src/parser/kconfig_parser_impl/kconfig_dependency_parser.rs:13:14
[INFO] [stdout]    |
[INFO] [stdout] 12 |           if !tokens.next()
[INFO] [stdout]    |  _____________-
[INFO] [stdout] 13 | |             .contains(&DEPENDS_KEYWORD) {
[INFO] [stdout]    | |             -^^^^^^^^ method not found in `Option<&str>`
[INFO] [stdout]    | |_____________|
[INFO] [stdout]    | 
[INFO] [stdout]    |
[INFO] [stdout] note: the method `contains` exists on the type `&str`
[INFO] [stdout]   --> /rustc/e6e4f7ed1589e03bc2f6c5931c1a72e7947e8682/library/core/src/str/mod.rs:1063:5
[INFO] [stdout] help: consider using `Option::expect` to unwrap the `&str` value, panicking if the value is an `Option::None`
[INFO] [stdout]    |
[INFO] [stdout] 12 |         if !tokens.next().expect("REASON")
[INFO] [stdout]    |                          +++++++++++++++++
[INFO] [stdout] 
[INFO] [stdout] 
[INFO] [stdout] error[E0599]: no method named `contains` found for enum `Option` in the current scope
[INFO] [stdout]   --> src/parser/kconfig_parser_impl/kconfig_dependency_parser.rs:18:14
[INFO] [stdout]    |
[INFO] [stdout] 17 |           if !tokens.next()
[INFO] [stdout]    |  _____________-
[INFO] [stdout] 18 | |             .contains(&ON_KEYWORD) {
[INFO] [stdout]    | |             -^^^^^^^^ method not found in `Option<&str>`
[INFO] [stdout]    | |_____________|
[INFO] [stdout]    | 
[INFO] [stdout]    |
[INFO] [stdout] note: the method `contains` exists on the type `&str`
[INFO] [stdout]   --> /rustc/e6e4f7ed1589e03bc2f6c5931c1a72e7947e8682/library/core/src/str/mod.rs:1063:5
[INFO] [stdout] help: consider using `Option::expect` to unwrap the `&str` value, panicking if the value is an `Option::None`
[INFO] [stdout]    |
[INFO] [stdout] 17 |         if !tokens.next().expect("REASON")
[INFO] [stdout]    |                          +++++++++++++++++
[INFO] [stdout] 
[INFO] [stdout] 
[INFO] [stdout] error[E0599]: no method named `contains` found for enum `Option` in the current scope
[INFO] [stdout]   --> src/parser/kconfig_parser_impl/kconfig_menu_node_parser.rs:17:10
[INFO] [stdout]    |
[INFO] [stdout] 16 |       if !header_tokens.next()
[INFO] [stdout]    |  _________-
[INFO] [stdout] 17 | |         .contains(&MENU_KEYWORD) {
[INFO] [stdout]    | |         -^^^^^^^^ method not found in `Option<&str>`
[INFO] [stdout]    | |_________|
[INFO] [stdout]    | 
[INFO] [stdout]    |
[INFO] [stdout] note: the method `contains` exists on the type `&str`
[INFO] [stdout]   --> /rustc/e6e4f7ed1589e03bc2f6c5931c1a72e7947e8682/library/core/src/str/mod.rs:1063:5
[INFO] [stdout] help: consider using `Option::expect` to unwrap the `&str` value, panicking if the value is an `Option::None`
[INFO] [stdout]    |
[INFO] [stdout] 16 |     if !header_tokens.next().expect("REASON")
[INFO] [stdout]    |                             +++++++++++++++++
[INFO] [stdout] 
[INFO] [stdout] 
[INFO] [stdout] error[E0599]: no method named `contains` found for enum `Option` in the current scope
[INFO] [stdout]   --> src/parser/kconfig_parser_impl/kconfig_if_node_parser.rs:16:14
[INFO] [stdout]    |
[INFO] [stdout] 15 |           if !header_tokens.next()
[INFO] [stdout]    |  _____________-
[INFO] [stdout] 16 | |             .contains(&IF_KEYWORD)
[INFO] [stdout]    | |             -^^^^^^^^ method not found in `Option<&str>`
[INFO] [stdout]    | |_____________|
[INFO] [stdout]    | 
[INFO] [stdout]    |
[INFO] [stdout] note: the method `contains` exists on the type `&str`
[INFO] [stdout]   --> /rustc/e6e4f7ed1589e03bc2f6c5931c1a72e7947e8682/library/core/src/str/mod.rs:1063:5
[INFO] [stdout] help: consider using `Option::expect` to unwrap the `&str` value, panicking if the value is an `Option::None`
[INFO] [stdout]    |
[INFO] [stdout] 15 |         if !header_tokens.next().expect("REASON")
[INFO] [stdout]    |                                 +++++++++++++++++
[INFO] [stdout] 
[INFO] [stdout] 
[INFO] [stdout] error[E0599]: no method named `contains` found for enum `Option` in the current scope
[INFO] [stdout]   --> src/parser/kconfig_parser_impl/source_line_parser.rs:17:23
[INFO] [stdout]    |
[INFO] [stdout] 17 |     if !tokens.next().contains(&SOURCE_KEYWORD) {
[INFO] [stdout]    |                       ^^^^^^^^ method not found in `Option<&str>`
[INFO] [stdout]    |
[INFO] [stdout] note: the method `contains` exists on the type `&str`
[INFO] [stdout]   --> /rustc/e6e4f7ed1589e03bc2f6c5931c1a72e7947e8682/library/core/src/str/mod.rs:1063:5
[INFO] [stdout] help: consider using `Option::expect` to unwrap the `&str` value, panicking if the value is an `Option::None`
[INFO] [stdout]    |
[INFO] [stdout] 17 |     if !tokens.next().expect("REASON").contains(&SOURCE_KEYWORD) {
[INFO] [stdout]    |                      +++++++++++++++++
[INFO] [stdout] 
[INFO] [stdout] 
[INFO] [stdout] error[E0599]: no method named `contains` found for enum `Option` in the current scope
[INFO] [stdout]   --> src/parser/kconfig_parser_impl/kconfig_dependency_parser.rs:13:14
[INFO] [stdout]    |
[INFO] [stdout] 12 |           if !tokens.next()
[INFO] [stdout]    |  _____________-
[INFO] [stdout] 13 | |             .contains(&DEPENDS_KEYWORD) {
[INFO] [stdout]    | |             -^^^^^^^^ method not found in `Option<&str>`
[INFO] [stdout]    | |_____________|
[INFO] [stdout]    | 
[INFO] [stdout]    |
[INFO] [stdout] note: the method `contains` exists on the type `&str`
[INFO] [stdout]   --> /rustc/e6e4f7ed1589e03bc2f6c5931c1a72e7947e8682/library/core/src/str/mod.rs:1063:5
[INFO] [stdout] help: consider using `Option::expect` to unwrap the `&str` value, panicking if the value is an `Option::None`
[INFO] [stdout]    |
[INFO] [stdout] 12 |         if !tokens.next().expect("REASON")
[INFO] [stdout]    |                          +++++++++++++++++
[INFO] [stdout] 
[INFO] [stdout] 
[INFO] [stdout] error[E0599]: no method named `contains` found for enum `Option` in the current scope
[INFO] [stdout]   --> src/parser/kconfig_parser_impl/kconfig_dependency_parser.rs:18:14
[INFO] [stdout]    |
[INFO] [stdout] 17 |           if !tokens.next()
[INFO] [stdout]    |  _____________-
[INFO] [stdout] 18 | |             .contains(&ON_KEYWORD) {
[INFO] [stdout]    | |             -^^^^^^^^ method not found in `Option<&str>`
[INFO] [stdout]    | |_____________|
[INFO] [stdout]    | 
[INFO] [stdout]    |
[INFO] [stdout] note: the method `contains` exists on the type `&str`
[INFO] [stdout]   --> /rustc/e6e4f7ed1589e03bc2f6c5931c1a72e7947e8682/library/core/src/str/mod.rs:1063:5
[INFO] [stdout] help: consider using `Option::expect` to unwrap the `&str` value, panicking if the value is an `Option::None`
[INFO] [stdout]    |
[INFO] [stdout] 17 |         if !tokens.next().expect("REASON")
[INFO] [stdout]    |                          +++++++++++++++++
[INFO] [stdout] 
[INFO] [stdout] 
[INFO] [stdout] error[E0599]: no method named `contains` found for enum `Option` in the current scope
[INFO] [stdout]   --> src/parser/kconfig_parser_impl/kconfig_reverse_dependency_parser.rs:10:22
[INFO] [stdout]    |
[INFO] [stdout] 10 |     if tokens.next().contains(&IF_KEYWORD) {
[INFO] [stdout]    |                      ^^^^^^^^ method not found in `Option<&str>`
[INFO] [stdout]    |
[INFO] [stdout] note: the method `contains` exists on the type `&str`
[INFO] [stdout]   --> /rustc/e6e4f7ed1589e03bc2f6c5931c1a72e7947e8682/library/core/src/str/mod.rs:1063:5
[INFO] [stdout] help: use the `?` operator to extract the `&str` value, propagating an `Option::None` value to the caller
[INFO] [stdout]    |
[INFO] [stdout] 10 |     if tokens.next()?.contains(&IF_KEYWORD) {
[INFO] [stdout]    |                     +
[INFO] [stdout] 
[INFO] [stdout] 
[INFO] [stdout] error[E0599]: no method named `contains` found for enum `Option` in the current scope
[INFO] [stdout]   --> src/parser/kconfig_parser_impl/kconfig_if_node_parser.rs:16:14
[INFO] [stdout]    |
[INFO] [stdout] 15 |           if !header_tokens.next()
[INFO] [stdout]    |  _____________-
[INFO] [stdout] 16 | |             .contains(&IF_KEYWORD)
[INFO] [stdout]    | |             -^^^^^^^^ method not found in `Option<&str>`
[INFO] [stdout]    | |_____________|
[INFO] [stdout]    | 
[INFO] [stdout]    |
[INFO] [stdout] note: the method `contains` exists on the type `&str`
[INFO] [stdout]   --> /rustc/e6e4f7ed1589e03bc2f6c5931c1a72e7947e8682/library/core/src/str/mod.rs:1063:5
[INFO] [stdout] help: consider using `Option::expect` to unwrap the `&str` value, panicking if the value is an `Option::None`
[INFO] [stdout]    |
[INFO] [stdout] 15 |         if !header_tokens.next().expect("REASON")
[INFO] [stdout]    |                                 +++++++++++++++++
[INFO] [stdout] 
[INFO] [stdout] 
[INFO] [stdout] error[E0599]: no method named `contains` found for enum `Option` in the current scope
[INFO] [stdout]   --> src/parser/kconfig_parser_impl/kconfig_reverse_dependency_parser.rs:26:14
[INFO] [stdout]    |
[INFO] [stdout] 25 |           if !tokens.next()
[INFO] [stdout]    |  _____________-
[INFO] [stdout] 26 | |             .contains(&SELECT_KEYWORD) {
[INFO] [stdout]    | |             -^^^^^^^^ method not found in `Option<&str>`
[INFO] [stdout]    | |_____________|
[INFO] [stdout]    | 
[INFO] [stdout]    |
[INFO] [stdout] note: the method `contains` exists on the type `&str`
[INFO] [stdout]   --> /rustc/e6e4f7ed1589e03bc2f6c5931c1a72e7947e8682/library/core/src/str/mod.rs:1063:5
[INFO] [stdout] help: consider using `Option::expect` to unwrap the `&str` value, panicking if the value is an `Option::None`
[INFO] [stdout]    |
[INFO] [stdout] 25 |         if !tokens.next().expect("REASON")
[INFO] [stdout]    |                          +++++++++++++++++
[INFO] [stdout] 
[INFO] [stdout] 
[INFO] [stdout] error[E0599]: no method named `contains` found for enum `Option` in the current scope
[INFO] [stdout]   --> src/parser/kconfig_parser_impl/source_line_parser.rs:17:23
[INFO] [stdout]    |
[INFO] [stdout] 17 |     if !tokens.next().contains(&SOURCE_KEYWORD) {
[INFO] [stdout]    |                       ^^^^^^^^ method not found in `Option<&str>`
[INFO] [stdout]    |
[INFO] [stdout] note: the method `contains` exists on the type `&str`
[INFO] [stdout]   --> /rustc/e6e4f7ed1589e03bc2f6c5931c1a72e7947e8682/library/core/src/str/mod.rs:1063:5
[INFO] [stdout] help: consider using `Option::expect` to unwrap the `&str` value, panicking if the value is an `Option::None`
[INFO] [stdout]    |
[INFO] [stdout] 17 |     if !tokens.next().expect("REASON").contains(&SOURCE_KEYWORD) {
[INFO] [stdout]    |                      +++++++++++++++++
[INFO] [stdout] 
[INFO] [stdout] 
[INFO] [stdout] error[E0599]: no method named `contains` found for enum `Option` in the current scope
[INFO] [stdout]   --> src/parser/utils/tokenizer.rs:64:25
[INFO] [stdout]    |
[INFO] [stdout] 64 |         if self.at_char.contains(&'"') {
[INFO] [stdout]    |                         ^^^^^^^^ method not found in `Option<char>`
[INFO] [stdout] 
[INFO] [stdout] 
[INFO] [stdout] error[E0599]: no method named `contains` found for enum `Option` in the current scope
[INFO] [stdout]   --> src/parser/kconfig_parser_impl/kconfig_reverse_dependency_parser.rs:10:22
[INFO] [stdout]    |
[INFO] [stdout] 10 |     if tokens.next().contains(&IF_KEYWORD) {
[INFO] [stdout]    |                      ^^^^^^^^ method not found in `Option<&str>`
[INFO] [stdout]    |
[INFO] [stdout] note: the method `contains` exists on the type `&str`
[INFO] [stdout]   --> /rustc/e6e4f7ed1589e03bc2f6c5931c1a72e7947e8682/library/core/src/str/mod.rs:1063:5
[INFO] [stdout] help: use the `?` operator to extract the `&str` value, propagating an `Option::None` value to the caller
[INFO] [stdout]    |
[INFO] [stdout] 10 |     if tokens.next()?.contains(&IF_KEYWORD) {
[INFO] [stdout]    |                     +
[INFO] [stdout] 
[INFO] [stdout] 
[INFO] [stdout] error[E0599]: no method named `contains` found for enum `Option` in the current scope
[INFO] [stdout]   --> src/parser/utils/tokenizer.rs:69:55
[INFO] [stdout]    |
[INFO] [stdout] 69 |                     at_char != '"' && !iter.last_char.contains(&'\\')
[INFO] [stdout]    |                                                       ^^^^^^^^ method not found in `Option<char>`
[INFO] [stdout] 
[INFO] [stdout] 
[INFO] [stdout] error[E0599]: no method named `contains` found for enum `Option` in the current scope
[INFO] [stdout]   --> src/parser/kconfig_parser_impl/kconfig_reverse_dependency_parser.rs:26:14
[INFO] [stdout]    |
[INFO] [stdout] 25 |           if !tokens.next()
[INFO] [stdout]    |  _____________-
[INFO] [stdout] 26 | |             .contains(&SELECT_KEYWORD) {
[INFO] [stdout]    | |             -^^^^^^^^ method not found in `Option<&str>`
[INFO] [stdout]    | |_____________|
[INFO] [stdout]    | 
[INFO] [stdout]    |
[INFO] [stdout] note: the method `contains` exists on the type `&str`
[INFO] [stdout]   --> /rustc/e6e4f7ed1589e03bc2f6c5931c1a72e7947e8682/library/core/src/str/mod.rs:1063:5
[INFO] [stdout] help: consider using `Option::expect` to unwrap the `&str` value, panicking if the value is an `Option::None`
[INFO] [stdout]    |
[INFO] [stdout] 25 |         if !tokens.next().expect("REASON")
[INFO] [stdout]    |                          +++++++++++++++++
[INFO] [stdout] 
[INFO] [stdout] 
[INFO] [stdout] error[E0599]: no method named `contains` found for enum `Option` in the current scope
[INFO] [stdout]   --> src/parser/utils/tokenizer.rs:74:32
[INFO] [stdout]    |
[INFO] [stdout] 74 |         } else if self.at_char.contains(&'#') {
[INFO] [stdout]    |                                ^^^^^^^^ method not found in `Option<char>`
[INFO] [stdout] 
[INFO] [stdout] 
[INFO] [stdout] error[E0599]: no method named `contains` found for enum `Option` in the current scope
[INFO] [stdout]   --> src/parser/utils/parse_node_header_and_get_name.rs:13:10
[INFO] [stdout]    |
[INFO] [stdout] 12 |       if !header_tokens.next()
[INFO] [stdout]    |  _________-
[INFO] [stdout] 13 | |         .contains(&expected_keyword) {
[INFO] [stdout]    | |         -^^^^^^^^ method not found in `Option<&str>`
[INFO] [stdout]    | |_________|
[INFO] [stdout]    | 
[INFO] [stdout]    |
[INFO] [stdout] note: the method `contains` exists on the type `&str`
[INFO] [stdout]   --> /rustc/e6e4f7ed1589e03bc2f6c5931c1a72e7947e8682/library/core/src/str/mod.rs:1063:5
[INFO] [stdout] help: consider using `Option::expect` to unwrap the `&str` value, panicking if the value is an `Option::None`
[INFO] [stdout]    |
[INFO] [stdout] 12 |     if !header_tokens.next().expect("REASON")
[INFO] [stdout]    |                             +++++++++++++++++
[INFO] [stdout] 
[INFO] [stdout] 
[INFO] [stdout] error[E0599]: no method named `contains` found for enum `Option` in the current scope
[INFO] [stdout]   --> src/parser/utils/tokenizer.rs:64:25
[INFO] [stdout]    |
[INFO] [stdout] 64 |         if self.at_char.contains(&'"') {
[INFO] [stdout]    |                         ^^^^^^^^ method not found in `Option<char>`
[INFO] [stdout] 
[INFO] [stdout] 
[INFO] [stdout] error[E0599]: no method named `contains` found for enum `Option` in the current scope
[INFO] [stdout]   --> src/parser/utils/tokenizer.rs:69:55
[INFO] [stdout]    |
[INFO] [stdout] 69 |                     at_char != '"' && !iter.last_char.contains(&'\\')
[INFO] [stdout]    |                                                       ^^^^^^^^ method not found in `Option<char>`
[INFO] [stdout] 
[INFO] [stdout] 
[INFO] [stdout] error: aborting due to 12 previous errors; 2 warnings emitted
[INFO] [stdout] 
[INFO] [stdout] 
[INFO] [stdout] Some errors have detailed explanations: E0599, E0635.
[INFO] [stdout] 
[INFO] [stdout] For more information about an error, try `rustc --explain E0599`.
[INFO] [stdout] 
[INFO] [stdout] error[E0599]: no method named `contains` found for enum `Option` in the current scope
[INFO] [stdout]   --> src/parser/utils/tokenizer.rs:74:32
[INFO] [stdout]    |
[INFO] [stdout] 74 |         } else if self.at_char.contains(&'#') {
[INFO] [stdout]    |                                ^^^^^^^^ method not found in `Option<char>`
[INFO] [stdout] 
[INFO] [stdout] 
[INFO] [stderr] error: could not compile `kconfig-linux` (lib) due to 13 previous errors; 2 warnings emitted
[INFO] [stderr] warning: build failed, waiting for other jobs to finish...
[INFO] [stdout] error[E0599]: no method named `contains` found for enum `Option` in the current scope
[INFO] [stdout]   --> src/parser/utils/parse_node_header_and_get_name.rs:13:10
[INFO] [stdout]    |
[INFO] [stdout] 12 |       if !header_tokens.next()
[INFO] [stdout]    |  _________-
[INFO] [stdout] 13 | |         .contains(&expected_keyword) {
[INFO] [stdout]    | |         -^^^^^^^^ method not found in `Option<&str>`
[INFO] [stdout]    | |_________|
[INFO] [stdout]    | 
[INFO] [stdout]    |
[INFO] [stdout] note: the method `contains` exists on the type `&str`
[INFO] [stdout]   --> /rustc/e6e4f7ed1589e03bc2f6c5931c1a72e7947e8682/library/core/src/str/mod.rs:1063:5
[INFO] [stdout] help: consider using `Option::expect` to unwrap the `&str` value, panicking if the value is an `Option::None`
[INFO] [stdout]    |
[INFO] [stdout] 12 |     if !header_tokens.next().expect("REASON")
[INFO] [stdout]    |                             +++++++++++++++++
[INFO] [stdout] 
[INFO] [stdout] 
[INFO] [stdout] error: aborting due to 12 previous errors; 5 warnings emitted
[INFO] [stdout] 
[INFO] [stdout] 
[INFO] [stdout] Some errors have detailed explanations: E0599, E0635.
[INFO] [stdout] 
[INFO] [stdout] For more information about an error, try `rustc --explain E0599`.
[INFO] [stdout] 
[INFO] [stderr] error: could not compile `kconfig-linux` (lib test) due to 13 previous errors; 5 warnings emitted
[INFO] running `Command { std: "docker" "inspect" "284d390694542fb2f1fa1ae57a6f0c787e8a6e409a90a82de5685dfb6699d0f6", kill_on_drop: false }`
[INFO] running `Command { std: "docker" "rm" "-f" "284d390694542fb2f1fa1ae57a6f0c787e8a6e409a90a82de5685dfb6699d0f6", kill_on_drop: false }`
[INFO] [stdout] 284d390694542fb2f1fa1ae57a6f0c787e8a6e409a90a82de5685dfb6699d0f6
